9
What is the highest common factor of 3808 and 14042?
238
What is the highest common factor of 55 and 1010240?
55
Calculate the greatest common factor of 1485 and 3245.
55
Calculate the greatest common divisor of 36 and 10326.
6
What is the greatest common divisor of 177506 and 6944?
434
Calculate the greatest common factor of 98756 and 196.
28
What is the highest common divisor of 193173 and 57?
57
Calculate the greatest common divisor of 24 and 2528.
8
What is the greatest common divisor of 57318 and 738?
246
What is the highest common factor of 8734 and 53198?
794
What is the highest common divisor of 9652 and 513?
19
Calculate the greatest common factor of 27776 and 68572.
868
Calculate the greatest common factor of 236 and 1185664.
236
What is the greatest common divisor of 1608302 and 68?
34
What is the highest common factor of 113150 and 558?
62
Calculate the highest common divisor of 6 and 69951.
3
Calculate the greatest common divisor of 15720 and 240.
120
What is the greatest common factor of 13 and 1754350?
13
Calculate the greatest common factor of 417667 and 61.
61
What is the highest common factor of 467792 and 55432?
1352
What is the highest common divisor of 1770260 and 20?
20
What is the greatest common divisor of 96 and 164?
4
What is the highest common factor of 10497 and 1221?
3
Calculate the highest common divisor of 2534 and 121856.
14
What is the greatest common factor of 1859 and 11803?
11
Calculate the greatest common factor of 5040 and 2226.
42
What is the highest common divisor of 12725 and 4800?
25
Calculate the greatest common factor of 1817 and 184.
23
Calculate the greatest common divisor of 4329 and 7326.
333
What is the greatest common factor of 294 and 13146?
42
What is the highest common divisor of 23 and 508415?
23
What is the highest common divisor of 61971 and 1456?
91
Calculate the highest common divisor of 26195 and 465.
155
What is the highest common divisor of 18 and 10206?
18
Calculate the greatest common divisor of 1272 and 16059.
159
Calculate the greatest common factor of 53298 and 1410.
282
Calculate the greatest common factor of 513 and 976581.
171
Calculate the highest common divisor of 130711 and 3419.
263
Calculate the greatest common factor of 434 and 651.
217
Calculate the greatest common divisor of 12138 and 48.
6
What is the greatest common divisor of 114 and 1425342?
114
Calculate the highest common divisor of 200 and 422200.
200
What is the greatest common factor of 11389 and 63?
7
What is the greatest common divisor of 41580 and 98604?
1188
Calculate the highest common factor of 153 and 249067.
17
What is the highest common divisor of 11928 and 34293?
1491
What is the greatest common factor of 60879 and 1911?
273
What is the greatest common divisor of 2349 and 12934?
29
What is the greatest common divisor of 8 and 18145?
1
What is the greatest common factor of 465 and 2545565?
155
What is the highest common divisor of 27 and 85896?
9
What is the greatest common divisor of 1012 and 91816?
92
Calculate the highest common factor of 58222 and 5504.
86
What is the greatest common factor of 2904 and 92?
4
What is the greatest common factor of 882 and 450?
18
What is the highest common divisor of 18015 and 60?
15
What is the highest common factor of 568 and 2304?
8
Calculate the greatest common divisor of 5 and 10994.
1
Calculate the highest common divisor of 714 and 38964.
102
Calculate the greatest common divisor of 3201 and 66.
33
What is the greatest common divisor of 14176 and 1216?
32
Calculate the highest common factor of 503 and 23138.
503
What is the highest common divisor of 575364 and 24?
12
What is the greatest common factor of 3315090 and 60?
30
Calculate the highest common factor of 243122 and 172.
86
Calculate the greatest common factor of 137005 and 55.
55
What is the greatest common divisor of 16 and 1708328?
8
Calculate the greatest common divisor of 8460 and 19440.
180
What is the highest common factor of 6716202 and 834?
834
What is the highest common divisor of 900 and 14200?
100
What is the highest common factor of 215050 and 10098?
374
What is the highest common factor of 1950 and 150410?
130
What is the greatest common factor of 568 and 160?
8
Calculate the highest common divisor of 20 and 26648.
4
Calculate the greatest common factor of 4845 and 215220.
255
Calculate the highest common factor of 52 and 11003.
1
What is the highest common factor of 51720 and 360?
120
What is the highest common factor of 234 and 5993?
13
Calculate the greatest common divisor of 128 and 363856.
16
What is the highest common factor of 5583 and 69?
3
Calculate the highest common factor of 49 and 164591.
49
What is the greatest common factor of 5292 and 109662?
294
Calculate the highest common factor of 18560 and 1044.
116
Calculate the greatest common divisor of 4287258 and 18.
18
Calculate the highest common divisor of 21504 and 742.
14
What is the greatest common factor of 723 and 122187?
723
Calculate the highest common divisor of 987 and 180.
3
What is the greatest common divisor of 102303 and 14314?
421
Calculate the highest common factor of 4828 and 9940.
284
What is the highest common factor of 1631 and 147489?
233
Calculate the highest common divisor of 176505 and 3045.
105
Calculate the highest common factor of 15466 and 37928.
22
What is the greatest common divisor of 1068 and 8640?
12
What is the highest common divisor of 1371240 and 720?
360
Calculate the greatest common divisor of 3038 and 3724.
98
Calculate the highest common factor of 1980 and 27940.
220
What is the highest common divisor of 18639 and 97299?
171
Calculate the highest common divisor of 96 and 528464.
16
What is the highest common divisor of 3772 and 164?
164
Calculate the greatest common factor of 255559 and 74.
37
Calculate the highest common divisor of 59 and 17102330.
59
What is the greatest common divisor of 2718 and 722686?
302
What is the greatest common factor of 430712 and 272?
136
What is the greatest common divisor of 96 and 57948?
12
What is the highest common factor of 40 and 82100?
20
What is the greatest common factor of 400 and 6800?
400
Calculate the greatest common factor of 7685 and 150785.
265
Calculate the greatest common divisor of 1737 and 967702.
193
Calculate the highest common divisor of 42 and 3245648.
14
Calculate the greatest common factor of 4218 and 513.
57
Calculate the highest common divisor of 5083 and 66677.
299
Calculate the highest common factor of 369 and 14751.
9
What is the highest common divisor of 496 and 40610?
62
What is the highest common divisor of 215 and 36937?
43
Calculate the highest common factor of 48 and 2399888.
16
What is the highest common divisor of 1299606 and 783?
87
Calculate the greatest common factor of 140 and 12390.
70
Calculate the greatest common factor of 45654 and 84.
42
Calculate the greatest common factor of 8395 and 5840.
365
Calculate the highest common divisor of 56 and 393554.
14
Calculate the greatest common divisor of 441763 and 4811.
283
Calculate the greatest common divisor of 943 and 113459.
23
What is the highest common divisor of 34092 and 612?
36
Calculate the highest common divisor of 5865 and 15.
15
What is the highest common factor of 57 and 151677?
57
Calculate the greatest common factor of 507 and 15359058.
507
Calculate the highest common divisor of 148 and 10.
2
Calculate the greatest common divisor of 156 and 14052.
12
What is the highest common divisor of 10251 and 297?
9
What is the greatest common factor of 1240 and 2893540?
620
Calculate the greatest common factor of 4604 and 186.
2
Calculate the highest common divisor of 2289 and 902629.
763
Calculate the greatest common factor of 928126 and 4014.
446
Calculate the highest common factor of 255 and 185725.
85
What is the highest common factor of 201390 and 10686?
822
What is the greatest common divisor of 223 and 9381164?
223
Calculate the greatest common factor of 1582301 and 19.
19
Calculate the greatest common factor of 87 and 1856.
29
What is the greatest common divisor of 240 and 118480?
80
What is the highest common divisor of 117 and 1305213?
39
What is the highest common factor of 540 and 2022180?
60
Calculate the greatest common divisor of 2439619 and 24